. Let t = q + -36. Is t prime?
False
Suppose 0 = -2*w - 3*j + 20129, -50319 = -12*w + 7*w - 4*j. Is w prime?
False
Suppose 14*a + 11*a - 165925 = 0. Is a a prime number?
True
Let u(h) = 11*h**3 + 2*h**2 - 3*h - 3. Is u(7) a composite number?
False
Is (1504/(-80))/(4/(-1970)) prime?
False
Suppose 0*b = -4*b + 8. Suppose -l + 408 = b*l - 5*n, 4*l = -2*n + 518. Is l composite?
False
Let l(y) = 468*y - 19. Suppose -3*f + 7 = -0*f + 2*u, 3*u + 32 = 4*f. Is l(f) a composite number?
True
Let k be -2*4/(-8) - -1. Suppose 308 = 2*j + k*r, 0*j + 2*r = 3*j - 437. Is j a composite number?
False
Let u(i) = i**3 + 5*i**2 + 5*i - 7. Let h(f) = f**2 + 10*f + 11. Let k be h(-8). Let n be u(k). Is -2*(-236)/n*-4 a composite number?
False
Let s = 111 + -116. Is (0 + 2)*-46*s/4 prime?
False
Let n(s) = -s + 9. Let i be n(7). Suppose o + p + i*p - 476 = 0, -474 = -o - 5*p. Is o prime?
True
Let i be (-2)/((-52)/(-20) + -3). Suppose -f + 1946 = -5*w, 2*f + i*w = 6*f - 7829. Is f prime?
False
Suppose 4*p = 2*n - 1398, 13*p - 8*p = -n + 692. Is n a prime number?
False
Suppose -10*j = -15*j + 2255. Is j composite?
True
Suppose -3*d = -3*j + 20325, 6763 = j - 5*d + d. Is j composite?
False
Suppose b - 840 = 895. Suppose -b = 12*j - 17*j. Is j a composite number?
False
Let o(u) = 32*u + 2*u**2 - 67 - 61*u + 32*u. Is o(32) a prime number?
False
Suppose 2*c - 42 = -5*y, -c + 1 = -y - 6. Is c/((-3 - (-98)/33)*-3) composite?
True
Is (27 + -26)/(1/29243 + 0) a prime number?
True
Let s(b) = -3571*b - 655. Is s(-6) a prime number?
True
Suppose 0 = -4*m + 8*s - 7*s + 3405, -3*m = 5*s - 2548. Is m a prime number?
False
Let b = 3504 - -11399. Is b prime?
False
Let x = 1281 - 740. Is x a composite number?
False
Suppose -5*q - 2764 = 2*u - q, 2*q - 5508 = 4*u. Is (u/(-4))/((-1)/(-2)) prime?
False
Is 2058360/192 + ((-19)/(-8) - 2) a composite number?
True
Let a(k) = -3*k**3 - 5*k**2 - 9*k - 5. Let s(w) = -w**2 - w - 1. Let j(f) = 5*f**2 + 11*f + 9. Let h(g) = -j(g) - 6*s(g). Let z be h(5). Is a(z) prime?
False
Let l = -53 - -57. Suppose -4*g + 131 = s, -l*s + 2*g + 584 = -2*g. Is s composite?
True
Suppose -5*k - r = -18, 0*r + 3 = 5*k - 4*r. Is (-4 - -10)/k + 953 prime?
False
Let c(i) = -2998*i**3 - 5*i**2 - 8*i - 3. Is c(-2) composite?
False
Let u(z) be the second derivative of z**5/20 + 7*z**4/3 + z**3/6 + 5*z**2/2 + 22*z. Is u(-14) a prime number?
False
Let h = -15 - -15. Let x be (h - -1)/1 - -846. Suppose 9*j - x = 2*j. Is j composite?
True
Suppose -j + 12834 = 5*j. Suppose -282 = -3*p + j. Is p a prime number?
False
Is 62/(-248) + 20309/4 a prime number?
True
Let o be ((-178)/(-8))/((-2)/(-16)). Let u be (-20)/90 + o/(-9). Is ((-790)/u)/(2/4) composite?
False
Let g = -10636 - -53753. Is g a prime number?
True
Suppose 5*s - 15 = 2*s. Suppose 5*c + 2*j = -2151, 2*c + 873 = -0*c - s*j. Let u = 848 + c. Is u prime?
True
Let h(f) = 256*f - 73. Is h(21) prime?
True
Suppose 0*l + l - 3 = 0. Is 838/3*(9/(-6) + l) prime?
True
Suppose c + c = 4*p - 8, -13 = -5*c - p. Let s = c - -12. Let o = s + 23. Is o a composite number?
False
Suppose 3*t = 3, 4*u + 582 = -3*t + 18581. Is u composite?
True
Let s(v) = -v. Let p = 18 + -15. Let a be s(p). Is (-5028)/(-18)*a/(-2) prime?
True
Suppose -19*z + 11811 - 2444 = 0. Is z a composite number?
True
Suppose -4*d = j - 1 - 3, d = -3*j - 10. Suppose -3*h + w + d = 0, 5*w - 1 - 11 = 4*h. Is (-1)/h*770/(-11) prime?
False
Suppose 5*s + 2348 = 9*s. Is s prime?
True
Suppose 2*v = 2, -2*k - 2*v + v + 5 = 0. Suppose -422 = k*b - 4*b. Is b prime?
True
Is 25/10*5624 + (-2 - 1) prime?
True
Let i = 7734 + -3425. Is i composite?
True
Let s(k) = 5*k**2 - 15*k + 33. Is s(-10) a composite number?
False
Is 44694 - (2 - (-27)/3) composite?
False
Suppose -4*v + 127 = -5*v. Let f = v + 196. Is f composite?
True
Let x = -255 - -86. Let h = 472 + x. Is h composite?
True
Let g(a) = -11*a**2 + a + 5. Let v be g(-4). Let q = v - -264. Is q composite?
False
Let w(s) = 603*s - 5. Let p(r) = -301*r + 3. Let f(o) = 7*p(o) + 4*w(o). Is f(6) a prime number?
True
Let b(y) = -2*y + 13. Let l be b(5). Is (0 + -1)/(l/2634*-2) prime?
True
Let h(u) = 17*u - 11. Let b(k) = 21*k - 7. Let t(m) = 62*m - 22. Let s(o) = -11*b(o) + 4*t(o). Let x(v) = -4*h(v) + 3*s(v). Is x(-4) composite?
False
Let n be ((-1)/(-3))/((-16)/48). Is (-33)/(-22)*(2570/6 + n) prime?
True
Let j(g) = -33*g**3 + 113*g**2 - 3*g + 5. Is j(-4) composite?
True
Let z = 1256 + 918. Is z a composite number?
True
Is (22/4 + -7)*(-5690)/3 prime?
False
Let w(k) = -k**3 + 59*k**2 - 43*k - 68. Is w(53) composite?
True
Suppose 0 = -29*f + 35*f - 5214. Is f a composite number?
True
Suppose -291 - 1489 = -5*p. Let b = 47 + p. Is b a prime number?
False
Suppose 2*c = 3*c - 2*s - 1622, 0 = -5*c + s + 8101. Suppose -4*i + 2*b = -c, i + 3*b - 391 = -0*b. Let f = i + -276. Is f composite?
False
Suppose 5*x - 4*w - 292 = x, 5*x - 372 = -2*w. Suppose -4*b = -c + 6*c - 527, 4*b - 313 = -3*c. Let m = c - x. Is m prime?
False
Suppose -4*m - 431 = 3*v, 4*v - 15 = -v. Let l = m - 73. Let u = -62 - l. Is u prime?
False
Suppose -4*k - 238 = -l - 21, l = 3*k + 212. Let w = l - 84. Is w prime?
True
Let m(n) = -n + 5. Let z be m(0). Let p be (-3 - (-7 - -3)) + z. Suppose -u + p - 1 = 0, c - 5*u - 40 = 0. Is c a composite number?
True
Let i(p) = -p**3 - 6*p**2 + 6*p - 6. Let t be i(-7). Suppose -5 = 3*k + t. Is 232/(-6)*3/k a composite number?
True
Is 0 - 1/2 - (-83190)/20 a composite number?
False
Let l be 15/(-6)*(0 - 38). Let s = l + -265. Is s/40*56/(-2) a composite number?
True
Is ((-13)/(-1))/(2/38) prime?
False
Suppose 4*i - 2*i = 4. Suppose -6*v = -i*v - 12. Suppose -3*o = -j + 13, -3*j + v*o = o - 60. Is j a prime number?
False
Suppose 0 = 3*z + 4*h - 10, -22 = 3*z - 5*h + h. Is (z - -12012)*(-4)/32*-4 a prime number?
False
Let m = 20438 + -12151. Is m prime?
True
Let p be ((-1)/3)/((-3)/9). Let l(o) = 15*o - 2. Is l(p) prime?
True
Let i = 4505 + -7022. Let d = i + 3744. Is d prime?
False
Let o be (-14)/35 - (764/(-10) - 2). Let i = 131 - o. Is i a prime number?
True
Let d be (3/2)/((-6)/(-94424)). Suppose -3*x + 6*x - p = -d, -2*p + 15732 = -2*x. Is 3/(2/(x/(-15))) composite?
False
Let v be 5/(-15) + 15/(-9). Let y be (-266)/(-63) + v/9. Is (6/9)/(y/2994) composite?
False
Suppose -2*v - 3*v = 3*w + 40, -4*v = 8. Is 10 + w - 745*-1 composite?
True
Is (42/8)/((-15)/(-158020)) a prime number?
False
Suppose 6*v - 6641 = 39001. Is v prime?
True
Let l(m) = m**3 - 7*m**2 - 8*m + 1. Let t be l(8). Suppose -4*i + 27 = -t. Suppose 0 = -4*o + i*o - 393. Is o a composite number?
False
Let z(a) = -298*a + 1058. Is z(-6) prime?
False
Suppose -2820 + 915 = -3*f. Suppose 5*n = 3*w + f, 0 = 4*n - 5*w - 251 - 257. Is n composite?
False
Suppose -5*n = -r + 1292, 2*r - 5*n - 1349 = 1220. Is r prime?
True
Let z = 11 + -10. Suppose -5*j = -5*x, 2*x - z + 5 = 3*j. Suppose -m + 43 = o + m, 0 = j*o - 4*m - 136. Is o composite?
False
Suppose 0 = 5*a, -5*s - 2*a = -2*s - 711. Is s a prime number?
False
Let b be 4/(-10) + 356/(-10). Let v be (-6)/(-10) - b/15. Suppose v*i = 349 + 644. Is i composite?
False
Suppose 0 = 3*p - 5*v + 16, -2*p - v - 2 = -0. Is (-16)/(-120) + p/(30/(-189103)) composite?
True
Let f = -1393 - -2069. Suppose -3*x + f = x. Let o = x - 66. Is o composite?
False
Let f = 7180 + 1539. Is f a composite number?
False
Let i(s) = -241*s + 219. Is i(-19) prime?
False
Suppose -2118 = -2*w + 6536. Is w a prime number?
True
Let p = -26 - -15. Let h = p + 19. Is (h/16)/((-2)/(-356)) composite?
False
Let r = -39 + 18. Let v be -3*(r/(-9) + -1). Is (-1)/(3 + v) + 1558 a prime number?
True
Let n = 448 - -755. Is n/((-3)/(-1))*1 composite?
False
Let c(h) = -h**3 + 4*h**2 - 10*h - 7. Suppose -4*v - 25 = 5*k, -3*v + 3*k = -2*v - 15. Suppose v*i - i = 6. Is c(i) a prime number?
False
Let h = -2399 + 8350. Is h prime?
False
Suppose 0 = f - k - 634, 2014 = 4*f - k - 507. Is f a composite number?
True
Let z = -6146 + 8763. Is z a prime number?
True
Suppose 4*z + 5*u = -15, 0*z - u = -2*z + 3. Suppose z = a + a + 288. Let k = -17 - a. Is k prime?
True
Let z = 774 - 464. Let k = z - 57. Is k composite?
True
Let n = 283 + -174. Let v(p) = n*p - 110*p - 1 + 25*p**2 - 8*p**2. Is v(-2) composite?
True
Let h(x) = 9*x**2 - 39*x + 17. Let p(w) = 5*w**2 - 20*w + 9. Let b(a)